the greatest common divisor of i and z.
12
Suppose 0 = -113*z + 124*z - 385. What is the greatest common divisor of z and 665?
35
Let x = -24 + 21. Let p be 1121/177 + (-4)/3 + 0. Let j = p - x. What is the greatest common factor of j and 88?
8
Suppose 7904*h + 243048 = 7930*h. What is the highest common divisor of 205 and h?
41
Let g(t) = t**3 + 2*t**2 - 5*t - 4. Let r(x) = -4*x + 53. Let d be r(14). Let n be g(d). Calculate the greatest common divisor of 22 and n.
2
Let n be (-3)/5 + (-815)/(-25). Suppose 5*f + 37*i = n*i + 35, f = -3*i + 5. Let l = 21 + -1. What is the highest common factor of f and l?
4
Let s(j) = -2*j**2 - 15*j + 53. Let o be s(-7). What is the highest common divisor of 465 and o?
15
Let p(n) = -n**2 - 7*n + 2. Let y be p(-5). Suppose -y = -612*d + 609*d. What is the greatest common divisor of 232 and d?
4
Let g = -453 - -488. Suppose 0 = g*h - 42*h + 63. Calculate the greatest common divisor of 333 and h.
9
Let n = -8253 + 8299. What is the greatest common divisor of n and 34?
2
Let l be (18/(-8))/((-606)/32320). What is the highest common factor of 18 and l?
6
Let f be -3*(-3)/(-9) - -35. Let y = f - 32. Let w be (-4510)/(-88) + y/(-8). What is the highest common factor of 17 and w?
17
Let h(f) = -25 + 2*f + 7*f - 36 + 32 - 34. Let j be h(8). What is the highest common factor of 27 and j?
9
Let q be -2 - 11*(-2)/2. Suppose 18*d + 17 = 2*r + 19*d, r - 33 = 3*d. Calculate the highest common divisor of r and q.
3
Let p be (-1 - -1882) + (-21)/(-7)*1. What is the greatest common divisor of p and 60?
12
Let d = 303 - 291. What is the highest common divisor of 105 and d?
3
Let k(r) = -2*r - 277 - 21*r + 3*r**2 + 5*r + 291. Let f be k(7). Calculate the greatest common divisor of 14 and f.
7
Let q be 4 - 8 - (88 + -4). Let x = 93 + q. Calculate the greatest common divisor of x and 40.
5
Suppose -134064 = -13*h + 91980. Let m be h/56*6/9. Let s be (-1 - -2)/1*23. What is the greatest common factor of s and m?
23
Suppose 5*p - p - 2*r - 1522 = 0, 5*r = 5*p - 1915. Let l(a) = 5*a + 82. Let t be l(-8). What is the greatest common divisor of p and t?
42
Suppose -21 + 496 = -404*o + 423*o. Calculate the highest common divisor of o and 4325.
25
Let i(w) = -w**3 + 21*w**2 + 3*w - 48. Let b be i(21). Suppose -11*s + b*s - m = 57, 2*m = -3*s + 40. Calculate the highest common divisor of 70 and s.
14
Suppose 110*l + 5856 = 104*l. Let g = 995 + l. Suppose -4*x + 2*a + 85 = -a, 2*x - 4*a - 50 = 0. Calculate the highest common divisor of x and g.
19
Suppose 19*q + 78 = 2*x + 21*q, 2*x - 3*q = 88. Let m(z) = 2*z**2 - 73*z - 87. Let b be m(x). Calculate the highest common factor of 94 and b.
94
Let s(y) = -y**2 + 15*y - 5. Let f be s(8). Let g = 5 - -12. Let i = f - g. What is the greatest common divisor of i and 17?
17
Suppose 1957*g = 1954*g + 1422. What is the greatest common factor of g and 6?
6
Suppose -19*w + 57*w - 4692 = -54*w. Calculate the greatest common divisor of 697 and w.
17
Suppose -25 = -4*m + 5*u + 96, 3*u = 3*m - 87. Let h be (24/10)/((m/350)/6). What is the greatest common factor of 30 and h?
30
Suppose -48 = -6*y - 6. Suppose -4*s + 124 = 2*v - y*v, -2*s = -5*v - 72. Let q be (-44)/(-10)*(66 - 1). Calculate the greatest common divisor of q and s.
26
Let p(l) = 2*l**3 - 34*l**2 + 10*l + 16. Suppose -32 = 4*s - 6*s. Let r be p(s). Let o be r/(-60)*5/2. What is the greatest common divisor of 112 and o?
14
Let n = 18232 + -17869. Calculate the highest common factor of 429 and n.
33
Let d(p) = -16*p - 355. Let s be d(0). Let h = s + 362. Calculate the greatest common divisor of h and 11.
1
Suppose -93 = -3*g + 528. Suppose -4*h = -4*u + 432, g = -2*h - 5*u + 4*u. Let n = 149 + h. Calculate the greatest common factor of n and 44.
44
Let n = 910 + -904. Suppose -8 = -n*k + 22. What is the highest common factor of 625 and k?
5
Let v be ((-25)/(-9))/(55/66)*3. Let y(f) = -f**2 + 2*f + 2. Let q be y(4). Let b be q/3 - -1*52. Calculate the highest common factor of v and b.
10
Let b = 49 - 42. Suppose 23 - b = 2*z - 4*a, 4*a = -5*z - 2. Suppose 0 = -r + z, -3*s - 3*r = -53 - 61. Calculate the highest common divisor of 12 and s.
12
Let z = 189 + -189. Suppose z = 4*r + 4*o - 444, r = 4*o + 44 + 72. Calculate the highest common factor of r and 28.
28
Let c = 5493 + -5473. Calculate the greatest common factor of 295 and c.
5
Let n(b) = -b + 1679*b**2 + 10 + 3*b**3 - 1688*b**2 + 4*b. Let u be n(6). Calculate the highest common divisor of u and 16.
16
Suppose 0 = 4*n + 4175 - 4327. Calculate the greatest common factor of n and 152.
38
Let b = 17 - 8. Let l = -8 + 11. Suppose l*d - 124 + 97 = 0. Calculate the highest common factor of b and d.
9
Let w = 4752 - 3760. Calculate the highest common divisor of w and 31.
31
Suppose k = 4*v + v - 19, -3*k = 4*v. Let j = 44 + -27. Suppose -l + j = -40. Calculate the highest common divisor of l and v.
3
Let y be 25/(-10)*(6 + 0). Let l be (16/10)/((-2)/y). Let t = -131 - -227. Calculate the highest common divisor of l and t.
12
Suppose -15*v + 7 = 937. Let o be (-1643)/v + 3/(-6). Calculate the greatest common factor of 78 and o.
26
Let p = -2909 + 2993. What is the highest common divisor of 1904 and p?
28
Let m = -10805 - -10916. Calculate the highest common divisor of m and 2035.
37
Suppose 5*j - 1765 = -2*u, -21*u = -16*u - 3*j - 4366. Let m be (5 - 2)/(3/35). What is the greatest common factor of m and u?
35
Suppose 3*x - 6 = -21. Let r be (x/(-35))/(-1) + 30/14. Calculate the greatest common divisor of r and 8.
2
Let i be 52/(-104)*((-22)/(-6) - 3)*-9. Calculate the greatest common factor of 1212 and i.
3
Let y be (67 - (-300)/(-20))/((-1 + 3)*1). Let j(t) = t**3 + t + 117. Let o be j(0). What is the highest common factor of y and o?
13
Let h(v) = v**3 - 14*v**2 + 36*v - 20. Suppose -2*n = 4*u - 61 + 13, -3*u + 35 = n. Let w be h(u). What is the greatest common divisor of w and 338?
13
Let n(g) = g**3 - 17*g**2 + 50*g - 162. Let q be n(17). Calculate the greatest common factor of 464 and q.
16
Let h = 221 - 181. Let y(a) = -19*a**2 + 4*a + 5. Let g be y(-5). Let d = g - -690. What is the greatest common factor of d and h?
40
Suppose -2*f + 816 = -0*f + 5*q, -1219 = -3*f - 5*q. Suppose -358 = -2*x - 4*o, 2*x - f = -30*o + 35*o. What is the greatest common factor of 54 and x?
27
Let w(i) = -3*i**3 - 35*i**2 - 113*i + 26. Let r be w(-6). Let d = 92 - 0. What is the highest common divisor of r and d?
92
Let x be (-8)/10*(-260 + 245). What is the greatest common factor of 381 and x?
3
Suppose -44*w - 750 = -59*w - 60*w. What is the greatest common factor of 90 and w?
10
Let q(k) = -11*k - 1101. Let h be q(-102). What is the highest common divisor of 763 and h?
7
Let b = -1333 - -1361. Calculate the highest common factor of 3402 and b.
14
Let b be (9 + 170/(-20))/(1 - 21810/21812). What is the highest common divisor of b and 164?
41
Suppose 4*v + 5 + 3 = 0, v - 559 = 3*n. Let p = 205 + n. Calculate the highest common divisor of 63 and p.
9
Suppose -3*x + 9*i + 36 = 10*i, -5*i + 18 = -3*x. Calculate the greatest common divisor of 279 and x.
9
Let l be (2/((-12)/2))/((-23)/2415). What is the greatest common factor of l and 161?
7
Let r = 3851 - 3801. Let d = -29 + 69. What is the greatest common factor of r and d?
10
Let z(w) = 3*w**3 - 57*w**2 + 12*w - 36. Let k be z(19). Calculate the greatest common factor of k and 3.
3
Suppose 6 = 3*y, 0 = -2*b - 1960*y + 1957*y + 438. Suppose -5*a + 80 = -0*a. What is the greatest common divisor of a and b?
8
Suppose 19*i - 262 = 1562. Suppose -i = -23*b - b. What is the highest common factor of 34 and b?
2
Suppose 154*x - 80*x - 94*x = -1880. What is the greatest common factor of 12267 and x?
47
Suppose -f - 2*b = -4*f + 260, -2*f + 180 = -3*b. Suppose 0 = -696*w + 692*w + 48. Calculate the highest common factor of w and f.
12
Suppose 555*i + 474*i - 102900 = 0. Suppose 5*r = 2*w + 11 + 58, -3*r + 30 = -5*w. What is the highest common divisor of i and r?
5
Let n(h) = 6*h**2 + 13*h + 9. Let p be n(-2). Let g be -23*1/(p/(-14)). What is the highest common factor of g and 6?
2
Suppose 5*o - 3*c - 154 = 205, -2*o + 146 = -2*c. Suppose -2*q + 7 + 13 = s, -q = -5*s + 144. Calculate the highest common factor of s and o.
14
Let f(q) = -5*q + 5. Let i(z) = -26*z + 27.